hat is the thousands digit of 98546342?
6
What is the hundreds digit of 4197047285?
2
What is the thousands digit of 1612656426?
6
What is the tens digit of 103709134?
3
What is the thousands digit of 3008417?
8
What is the tens digit of 506941919?
1
What is the hundreds digit of 27353561?
5
What is the tens digit of 1772546311?
1
What is the tens digit of 601135396?
9
What is the units digit of 47253151?
1
What is the hundred millions digit of 2536124276?
5
What is the hundreds digit of 52629801?
8
What is the ten millions digit of 812297277?
1
What is the tens digit of 601541400?
0
What is the ten millions digit of 14290705?
1
What is the hundred thousands digit of 65608258?
6
What is the ten thousands digit of 37596518?
9
What is the tens digit of 1671635664?
6
What is the tens digit of 1512452107?
0
What is the millions digit of 69791912?
9
What is the tens digit of 1804244737?
3
What is the units digit of 658013192?
2
What is the billions digit of 2507427812?
2
What is the hundreds digit of 60804035?
0
What is the ten millions digit of 600770660?
0
What is the ten thousands digit of 20330499?
3
What is the hundred millions digit of 991165715?
9
What is the hundred millions digit of 771969605?
7
What is the millions digit of 72614436?
2
What is the hundreds digit of 49564428?
4
What is the hundreds digit of 240988138?
1
What is the hundred thousands digit of 1326916419?
9
What is the units digit of 71127495?
5
What is the units digit of 2819566532?
2
What is the tens digit of 6781437?
3
What is the ten thousands digit of 154724242?
2
What is the hundred thousands digit of 45677187?
6
What is the units digit of 4336614089?
9
What is the hundred thousands digit of 3316956588?
9
What is the units digit of 1195805720?
0
What is the hundreds digit of 129827126?
1
What is the hundred thousands digit of 53588449?
5
What is the ten thousands digit of 41701400?
0
What is the units digit of 876234828?
8
What is the ten thousands digit of 1277374483?
7
What is the units digit of 24026776?
6
What is the ten millions digit of 477267279?
7
What is the units digit of 138815446?
6
What is the hundreds digit of 543901060?
0
What is the hundreds digit of 81290336?
3
What is the tens digit of 588417015?
1
What is the ten millions digit of 2350841667?
5
What is the hundred millions digit of 208686723?
2
What is the hundred thousands digit of 866078156?
0
What is the units digit of 2110917776?
6
What is the hundred millions digit of 6657922189?
6
What is the hundred thousands digit of 44069340?
0
What is the units digit of 2524144043?
3
What is the ten thousands digit of 622663292?
6
What is the units digit of 926660367?
7
What is the millions digit of 370431216?
0
What is the tens digit of 62971187?
8
What is the ten millions digit of 16506750?
1
What is the thousands digit of 3358534704?
4
What is the ten thousands digit of 352996582?
9
What is the ten millions digit of 6458642397?
5
What is the tens digit of 735982?
8
What is the ten millions digit of 1627426994?
2
What is the ten millions digit of 2819285065?
1
What is the ten millions digit of 71878954?
7
What is the tens digit of 3360085001?
0
What is the ten millions digit of 32713714?
3
What is the thousands digit of 7335599954?
9
What is the hundreds digit of 559847588?
5
What is the units digit of 748593564?
4
What is the units digit of 628336675?
5
What is the hundred millions digit of 646256627?
6
What is the units digit of 11735268?
8
What is the ten millions digit of 37703578?
3
What is the hundred thousands digit of 1098373823?
3
What is the ten millions digit of 94867700?
9
What is the millions digit of 173952666?
3
What is the millions digit of 1772248801?
2
What is the units digit of 78808563?
3
What is the tens digit of 216785817?
1
What is the tens digit of 92951417?
1
What is the millions digit of 191723373?
1
What is the ten millions digit of 938693272?
3
What is the hundreds digit of 415866128?
1
What is the hundred millions digit of 773372770?
7
What is the tens digit of 592484444?
4
What is the hundred millions digit of 647768436?
6
What is the hundreds digit of 687871345?
3
What is the thousands digit of 92354707?
4
What is the thousands digit of 7372555637?
5
What is the hundreds digit of 17666921?
9
What is the ten thousands digit of 50370487?
7
What is the tens digit of 782631743?
4
What is the hundreds digit of 69457320?
3
What is the tens digit of 55888923?
2
What is the thousands digit of 116330246?
0
What is the billions digit of 4761505741?
4
What is the thousands digit of 239564868?
4
What is the tens digit of 27531321?
2
What is the millions digit of 125646288?
5
What is the hundred thousands digit of 183413023?
4
What is the ten millions digit of 118277614?
1
What is the billions digit of 2582346309?
2
What is the ten millions digit of 143091340?
4
What is the hundreds digit of 139006551?
5
What is the tens digit of 42410741?
4
What is the hundreds digit of 117106793?
7
What is the hundreds digit of 140921693?
6
What is the millions digit of 830835593?
0
What is the units digit of 191389859?
9
What is the thousands digit of 525504125?
4
What is the ten millions digit of 7396918105?
9
What is the ten thousands digit of 72982402?
8
What is the billions digit of 3014277468?
3
What is the millions digit of 853892705?
3
What is the ten thousands digit of 745435869?
3
What is the millions digit of 156330269?
6
What is the hundred millions digit of 3668066240?
6
What is the thousands digit of 73949263?
9
What is the units digit of 62033791?
1
What is the tens digit of 114087620?
2
What is the hundred millions digit of 180863427?
1
What is the hundred thousands digit of 102655252?
6
What is the hundred millions digit of 183547198?
1
What is the units digit of 4460666595?
5
What is the hundreds digit of 5517698?
6
What is the millions digit of 64386237?
4
What is the ten millions digit of 460697607?
6
What is the hundred millions digit of 152290816?
1
What is the ten thousands digit of 1806628690?
2
What is the millions digit of 563254431?
3
What is the ten millions digit of 598137244?
9
What is the tens digit of 139895570?
7
What is the hundred thousands digit of 167603928?
6
What is the ten thousands digit of 239621450?
2
What is the hundred millions digit of 826723614?
8
What is the hundred thousands digit of 406170125?
1
What is the thousands digit of 25469149?
9
What is the billions digit of 1941861621?
1
What is the ten millions digit of 3897045250?
9
What is the ten thousands digit of 103444639?
4
What is the hundreds digit of 63251978?
9
What is the hundred millions digit of 1373541053?
3
What is the thousands digit of 31038482?
8
What is the tens digit of 103466915?
1
What is the hundreds digit of 117739610?
6
What is the hundred thousands digit of 400439658?
4
What is the hundred thousands digit of 64130879?
1
What is the thousands digit of 171435814?
5
What is the hundred millions digit of 160203919?
1
What is the units digit of 173728846?
6
What is the hundreds digit of 15836664?
6
What is the millions digit of 6954306?
6
What is the hundred thousands digit of 360782236?
7
What is the hundred thousands digit of 199984527?
9
What is the units digit of 472687333?
3
What is the billions digit of 3631321328?
3
What is the hundreds digit of 70263470?
4
What is the hundred thousands digit of 3199144997?
1
What is the thousands digit of 631836915?
6
What is the ten thousands digit of 6456978?
5
What is the ten thousands digit of 767952871?
5
What is the millions digit of 497057394?
7
What is the billions digit of 1763191839?
1
What is the hundred thousands digit of 249798830?
7
What is the hundreds digit of 1302153628?
6
What is the ten millions digit of 79345395?
7
What is the ten thousands digit of 39450399?
5
What is the hundred millions digit of 679845621?
6
What is the hundreds digit of 248607648?
6
What is the hundred millions digit of 192682833?
1
What is the units digit of 172935208?
8
What is the hundred thousands digit of 14162520?
1
What is the ten millions digit of 161504327?
6
What is the thousands digit of 45231849?
1
What is the units digit of 1195097318?
8
What is the ten millions digit of 157603807?
5
What is the ten thousands digit of 117257216?
5
What is